hat is h(15)?
3
Let a(l) = l**3 + 6*l**2 + 8*l - 3. Give a(-6).
-51
Let k(u) = u + 7. Give k(-12).
-5
Let r(w) = -3*w**3 - w**2 + 5*w - 4. Determine r(2).
-22
Let z(b) = 11*b**2 - 2*b - 1. Calculate z(-1).
12
Let m(k) = -k**2 + 17*k - 71. Determine m(7).
-1
Let c(u) = u**3 + 43*u**2 - 186*u + 107. What is c(-47)?
13
Let v(g) = -2*g + 4. Calculate v(-10).
24
Let x(j) = -16*j - 356. Determine x(-22).
-4
Let t(c) = -c**3 - 7*c**2 + 10*c + 17. Calculate t(-8).
1
Let o(u) = u**3 - 8*u**2 + 8*u + 6. Give o(7).
13
Let q(l) = l**3 + 12*l**2 - 12*l + 19. Give q(-13).
6
Let v(r) = -3*r - 3. Give v(-4).
9
Let n(g) = g**2 - 2. Calculate n(6).
34
Let d(a) = 2*a**2 + 7*a + 10. Determine d(-6).
40
Let u(h) = h**3 - 2*h**2 - h - 1. Determine u(5).
69
Let u(c) = -11*c + 9. Determine u(3).
-24
Let x(h) = h**3 - 9*h**2 + 3*h - 17. Give x(9).
10
Let d(y) = 6*y + 27. Give d(-15).
-63
Let d(h) = h**2 + 16*h + 46. Determine d(-11).
-9
Let g(x) = -5*x - 52. Calculate g(-9).
-7
Let r(b) = -12*b**2 - 8*b - 12. Give r(-3).
-96
Let u(n) = -2*n**2 - 20*n + 38. Calculate u(-12).
-10
Let p(g) = g + 10. Determine p(-5).
5
Let i(y) = 2*y - 42. What is i(13)?
-16
Let y(k) = k**3 + k**2 + 9*k + 20. Give y(-2).
-2
Let p(x) = 5*x + 150. Calculate p(-28).
10
Let v(y) = y**3 - 4*y**2 + 5*y - 5. Determine v(3).
1
Let y(i) = -18*i - 4. What is y(2)?
-40
Let s(m) = 2*m**2 + 12*m + 7. What is s(-3)?
-11
Let i(v) = -2*v + 6. Determine i(14).
-22
Let i(p) = 24*p - 119. Give i(5).
1
Let g(i) = -7*i + 144. Calculate g(20).
4
Let i(c) = c**2 + 6*c - 4. Determine i(-6).
-4
Let k(u) = 35*u**2 + u - 2. Give k(1).
34
Let t(w) = w**3 - 47*w**2 + 2*w - 146. Calculate t(47).
-52
Let c(h) = -5*h**2 + h. Give c(2).
-18
Let n(r) = -r**2 + 19*r - 16. Calculate n(18).
2
Let b(w) = 9*w + 71. Give b(-6).
17
Let v(a) = 2*a**2 + 7*a + 4. What is v(-4)?
8
Let p(u) = -2*u - 29. Give p(-15).
1
Let k(w) = 2*w - 3. Determine k(10).
17
Let w(y) = 27*y - 1209. Give w(45).
6
Let c(w) = -w**3 + 11*w**2 - 9*w - 5. What is c(10)?
5
Let n(y) = y**3 - 9*y**2 + 8*y - 3. Give n(8).
-3
Let u(r) = -r + 6. Calculate u(0).
6
Let g(j) = -4*j**2 - 30*j + 4. Calculate g(-4).
60
Let l(c) = c**2 - c - 64. Calculate l(0).
-64
Let h(u) = -3*u + 15. Give h(7).
-6
Let a(k) = 4*k - 18. Give a(0).
-18
Let z(c) = c**2 + 32*c - 66. Determine z(2).
2
Let j(s) = s**2 + 8*s + 7. What is j(-6)?
-5
Let c(b) = -b**3 + 10*b**2 - 20*b + 15. Give c(7).
22
Let d(t) = -19*t - 13. Determine d(6).
-127
Let j(w) = -w**3 - 13*w**2 - 21*w + 13. Determine j(-11).
2
Let b(v) = v**3 + 8*v**2 + 9*v + 15. Calculate b(-7).
1
Let w(l) = l**2 - 24*l + 35. Give w(25).
60
Let u(h) = -h**2 - h + 2. Determine u(-2).
0
Let b(j) = 3*j + 64. Determine b(-26).
-14
Let d(q) = 12*q + 13. Calculate d(-6).
-59
Let u(x) = -x**3 + 4*x**2 + 8*x + 18. What is u(6)?
-6
Let s(b) = 31*b**2 + b - 2. Give s(1).
30
Let l(c) = c**3 - 4*c**2 - 60*c - 9. What is l(-6)?
-9
Let m(h) = h**2 - 6*h + 2. Calculate m(3).
-7
Let a(v) = 6*v - 20. Determine a(3).
-2
Let l(v) = -v**3 - 6*v**2 + 7*v + 2. Give l(-4).
-58
Let d(q) = q**2 + 8*q + 18. Give d(-3).
3
Let p(l) = -3*l + 1. Give p(5).
-14
Let r(y) = -2*y**2 + 39*y + 11. What is r(20)?
-9
Let j(t) = 2*t + 2. Calculate j(1).
4
Let a(t) = -t**3 + 4*t**2 - 2*t - 6. What is a(4)?
-14
Let n(h) = -h**3 - 8*h**2 - 11*h - 5. Calculate n(-6).
-11
Let p(i) = -i**3 + 3*i**2 + 36*i - 8. What is p(6)?
100
Let j(z) = -4*z - 1. Give j(-1).
3
Let h(w) = 7*w**3 - 6*w**2 - 4*w + 1. Calculate h(-1).
-8
Let d(v) = -v**2 + 6*v - 1. Calculate d(5).
4
Let v(k) = -k**2 + 4*k + 30. Give v(5).
25
Let r(o) = -o**3 - 24*o**2 - 24*o - 25. Determine r(-23).
-2
Let b(m) = m**3 - 5*m**2 - 2*m - 2. What is b(5)?
-12
Let u(n) = n**3 - 8*n**2 + 7*n - 8. Give u(7).
-8
Let t(y) = -y**2 + 5*y + 2. What is t(-5)?
-48
Let l(s) = 3*s - 17. Calculate l(10).
13
Let k(m) = m**3 - 3*m**2 - 3*m - 2. Give k(4).
2
Let n(b) = -b**3 + 4*b**2 + 5*b + 6. What is n(5)?
6
Let p(u) = u**3 - u - 46. What is p(0)?
-46
Let c(m) = -m**2 - 21*m + 118. Calculate c(-26).
-12
Let g(x) = 3*x**2 - 6*x - 4. Calculate g(-1).
5
Let x(v) = -2*v**2 - 6*v. Determine x(-5).
-20
Let p(s) = 8*s + 81. What is p(-12)?
-15
Let j(b) = -12*b - 30. Give j(-4).
18
Let g(p) = p**3 - p**2 - 2*p - 24. What is g(0)?
-24
Let v(f) = f**3 - 5*f**2 + 5*f + 6. What is v(3)?
3
Let q(n) = -n**2 - 18*n - 44. Determine q(-15).
1
Let h(n) = n**2 - 12*n + 3. What is h(11)?
-8
Let m(u) = -u**3 - 4*u**2 - 2*u + 5. Calculate m(-4).
13
Let f(w) = 6*w**3 - 3*w**2 - 7*w + 1. What is f(-2)?
-45
Let g(z) = -5*z + 5. Give g(5).
-20
Let v(r) = -7*r - 11. Calculate v(-4).
17
Let c(x) = 14*x + 8. Give c(3).
50
Let g(s) = s**3 - 40*s**2 - 41*s + 9. Determine g(41).
9
Let n(v) = -6*v**3 - 4*v**2 - 2*v. Determine n(-2).
36
Let f(k) = -k**3 + 16*k**2 - 26*k - 30. What is f(14)?
-2
Let c(n) = 2*n**3 + 2*n**2 - 2*n. Determine c(-2).
-4
Let z(i) = -3*i - 12. Determine z(-8).
12
Let c(v) = -2*v**2 + 12*v + 5. Determine c(6).
5
Let k(y) = -3*y**3 - 17*y**2 - 3*y - 10. What is k(-6)?
44
Let j(l) = -22*l + 1. What is j(1)?
-21
Let n(u) = u**2 + 5*u + 8. Give n(-4).
4
Let s(j) = -3*j**2 + 31*j - 12. Calculate s(10).
-2
Let p(a) = a**3 + 2*a**2 - 2*a + 3. Determine p(-4).
-21
Let j(a) = a**2 - 10*a - 5. Give j(11).
6
Let x(j) = -j + 11. Give x(6).
5
Let z(r) = r**2 + 14*r + 28. Give z(-13).
15
Let z(h) = 5*h**2 + 15*h + 3. What is z(-3)?
3
Let c(i) = i**2 + 8*i. Determine c(-7).
-7
Let m(a) = 2*a**2 - a - 2. What is m(-3)?
19
Let p(h) = -h**3 + 18*h**2 + 2*h - 10. Give p(18).
26
Let d(k) = 4*k - 15. Determine d(3).
-3
Let z(y) = y**3 + 8*y**2 + 6. What is z(-7)?
55
Let v(f) = 3*f - 4. What is v(8)?
20
Let g(l) = -l**2 + 24*l + 77. What is g(27)?
-4
Let b(k) = 3*k + 60. Give b(-19).
3
Let x(y) = 19*y + 157. Give x(-8).
5
Let d(t) = -t**3 - 8*t**2 + 10*t - 2. Calculate d(-9).
-11
Let c(h) = -h**3 + 9*h**2 - 16*h + 12. Determine c(7).
-2
Let q(b) = b**2 - 14*b + 41. Determine q(9).
-4
Let s(p) = p**2 + 21*p - 49. Give s(-23).
-3
Let a(f) = f**2 - 8*f + 5. What is a(6)?
-7
Let u(g) = -3*g**2 - g + 2. What is u(2)?
-12
Let s(w) = w**2 - 3*w - 6. Calculate s(0).
-6
Let h(f) = -2*f + 47. Give h(15).
17
Let k(y) = y**2 - 18*y + 72. Give k(7).
-5
Let h(p) = -6*p - 3. Determine h(6).
-39
Let r(h) = -4*h**2 - 4*h + 10. Calculate r(-3).
-14
Let d(s) = 2*s**2 + 5*s - 8. Determine d(3).
25
Let q(b) = -3*b - 9. Give q(1).
-12
Let u(b) = b**3 - 9*b**2 - 7*b. Calculate u(10).
30
Let u(d) = -d**2 + 9*d + 6. Give u(9).
6
Let u(w) = -w**3 - 5*w**2 - 6*w - 5. Calculate u(-3).
-5
Let h(w) = -4*w + 5. Determine h(8).
-27
Let o(w) = 5*w - 2. Calculate o(-1).
-7
Let m(k) = -10*k + 40. Give m(6).
-20
Let b(r) = 2*r**2 - 34*r - 22. What is b(17)?
-22
Let k(y) = -3*y - 60. What is k(-13)?
-21
Let m(h) = 15*h + 453. What is m(-30)?
3
Let f(t) = -45*t - 30. Calculate f(-1).
15
Let h(w) = -w**3 + 11*w**2 + 11*w - 4. Calculate h(12).
-16
Let w(x) = x**3 + 2*x**2 + x + 7. Give w(0).
7
Let d(f) = f**3 - 4*f**2 + 2*f - 4. What is d(2)?
-8
Let w(a) = -21*a + 34. Determine w(2).
-8
Let n(f) = f**2 - 3*f - 2. Determine n(3).
-2
Let p(j) = j**2 + 4*j + 3. Determine p(-9).
48
Let q(w) = 3*w**3 - 5*w**2 + 2*w + 3. What is q(3)?
45
Let i(o) = o**3 - 3*o**2 + 5*o - 7. Calculate i(3).
8
Let n(y) = -y**2 - 15*y - 11. Calculate n(-11).
33
Let w(b) = 26*b - 246. Determine w(9).
-12
Let z(w) = -w**3 + 5*w**2 - 4*w - 7. Give z(3).
-1
Let n(h) = -h**2 + 6*h + 38. Give n(-9).
-97
Let u(b) = -b**3 + 18*b**2 - 17*b + 9. Determine u(17).
9
Let p(r) = r**3 + 21*r**2 + 22*r + 44. Calculate p(-20).
4
Let s(h) = -6*h - 8. What is s(10)?
-68
Let f(y) = y**2 - 9*y - 20. Determine f(10).
-10
Let q(l) = -21*l + 139. Give q(8).
-29
Let m(n) = n**3 + n**2 - 2*n - 33. Determine m(0).
-33
Let p(d) = d**2 + 8*d - 12. Determine p(-10).
8
Let n(w) = w**3 + 19*w**2 - 18*w + 17. Determine n(-20).
-23
Let f(d) = -6*d + 173. What is f(29)?
-1
Let j(l) = -8*l + 9. Give j(4).
-23
Let r(n) = -9*n**2 - 98*n + 10. Calculate r(-11).
-1
Let a(j) = 18*j + 2. What is a(2)?
38
Let z(i) = i**3 - i**2 - 6*i + 1. What is z(3)?
1
Let d(q) = -q**2 + 24*q - 108. Determine d(20).
-28
Let u(h) = -h**3 - 10*h**2 + h + 5. What is u(-10)?
-5
Let a(p) = 2*p + 35. Calculate a(12).
59
Let y(q) = -2*q**2 - 44*q - 38. Calculate y(-21).
4
Let v(q) = -q